{"id":202,"date":"2025-06-12T13:42:28","date_gmt":"2025-06-12T13:42:28","guid":{"rendered":"https:\/\/laboratoriopatrimonio.uca.es\/?page_id=202"},"modified":"2025-06-12T16:44:05","modified_gmt":"2025-06-12T16:44:05","slug":"colaboraciones","status":"publish","type":"page","link":"https:\/\/laboratoriopatrimonio.uca.es\/?page_id=202","title":{"rendered":"Colaboraciones"},"content":{"rendered":"\n<p>En el desarrollo de las acciones conducentes a la ejecuci\u00f3n de los distintos proyectos vinculados al LABPAT, se\u00f1alamos la colaboraci\u00f3n una serie de unidades y organismos que participan activamente de estas iniciativas.<\/p>\n\n\n\n<p class=\"has-custom-color-2-color has-text-color has-link-color wp-elements-671b7828d7f28873d378d2116848a568\"><em>Instituto de Investigaci\u00f3n en Estudios del Mundo Hisp\u00e1nico (In-EMHis)<\/em><\/p>\n\n\n\n<p class=\"has-custom-color-2-color has-text-color has-link-color wp-elements-d127e85dc3b1fd6c0db0bdee5869dc76\"><em>Grupo de Investigaci\u00f3n UCA-PAIDI HUM-726: Ciudad, Imagen y Patrimonio<\/em><\/p>\n\n\n\n<p class=\"has-custom-color-2-color has-text-color has-link-color wp-elements-668f227b133330d92612e732a5599c77\"><em>Proyecto \u201cLa construcci\u00f3n gr\u00e1fica del espacio en Gibraltar y su entorno\u201d. Aula Universitaria del Estrecho. Vicerrectorado Campus Bah\u00eda de Algeciras<\/em><\/p>\n\n\n\n<p class=\"has-custom-color-2-color has-text-color has-link-color wp-elements-1ca38f4e787e948208b4a701ac2dc7f0\"><em>Proyecto PID2021-126850NB-I00 \u201cConnexa mundi. Desarrollo y articulaci\u00f3n de nodos de<\/em> <em>comunicaci\u00f3n global: el litoral gaditano y sus proyecciones (c. 1680-1830)\u201dDepartamento de Historia Moderna, Contempor\u00e1nea, de Am\u00e9rica y del Arte<\/em><\/p>\n\n\n\n<p class=\"has-custom-color-2-color has-text-color has-link-color wp-elements-12748db59b8f4332e1c95ca920e66d33\"><em>Departamento de Historia Moderna, Contempor\u00e1nea, de Am\u00e9rica y del Arte<\/em><\/p>\n\n\n\n<p class=\"has-custom-color-2-color has-text-color has-link-color wp-elements-35f4dd0debe98c6ebb108a08a4325bcc\"><em>Facultad de Filosof\u00eda y Letras<\/em><\/p>\n\n\n\n<p><\/p>\n\n\n\n<figure class=\"wp-block-image size-large\"><img loading=\"lazy\" decoding=\"async\" width=\"1024\" height=\"853\" src=\"https:\/\/laboratoriopatrimonio.uca.es\/wp-content\/uploads\/2025\/06\/Captura-de-pantalla-2025-06-12-a-las-18.36.14-1024x853.png\" alt=\"\" class=\"wp-image-295\" srcset=\"https:\/\/laboratoriopatrimonio.uca.es\/wp-content\/uploads\/2025\/06\/Captura-de-pantalla-2025-06-12-a-las-18.36.14-1024x853.png 1024w, https:\/\/laboratoriopatrimonio.uca.es\/wp-content\/uploads\/2025\/06\/Captura-de-pantalla-2025-06-12-a-las-18.36.14-300x250.png 300w, https:\/\/laboratoriopatrimonio.uca.es\/wp-content\/uploads\/2025\/06\/Captura-de-pantalla-2025-06-12-a-las-18.36.14-768x640.png 768w, https:\/\/laboratoriopatrimonio.uca.es\/wp-content\/uploads\/2025\/06\/Captura-de-pantalla-2025-06-12-a-las-18.36.14-1536x1280.png 1536w, https:\/\/laboratoriopatrimonio.uca.es\/wp-content\/uploads\/2025\/06\/Captura-de-pantalla-2025-06-12-a-las-18.36.14.png 1596w\" sizes=\"auto, (max-width: 1024px) 100vw, 1024px\" \/><\/figure>\n\n\n\n<p><\/p>\n","protected":false},"excerpt":{"rendered":"<p>En el desarrollo de las acciones conducentes a la ejecuci\u00f3n de los distintos proyectos vinculados al LABPAT, se\u00f1alamos la colaboraci\u00f3n una serie de unidades y organismos que participan activamente de estas iniciativas. Instituto de Investigaci\u00f3n en Estudios del Mundo Hisp\u00e1nico (In-EMHis) Grupo de Investigaci\u00f3n UCA-PAIDI HUM-726: Ciudad, Imagen y Patrimonio Proyecto \u201cLa construcci\u00f3n gr\u00e1fica del &hellip; <\/p>\n<p class=\"link-more\"><a href=\"https:\/\/laboratoriopatrimonio.uca.es\/?page_id=202\" class=\"more-link\">Leer m\u00e1s<span class=\"screen-reader-text\"> \u00abColaboraciones\u00bb<\/span><\/a><\/p>\n","protected":false},"author":4,"featured_media":0,"parent":0,"menu_order":0,"comment_status":"closed","ping_status":"closed","template":"","meta":{"inspiro_hide_title":false,"footnotes":""},"class_list":["post-202","page","type-page","status-publish","hentry"],"_links":{"self":[{"href":"https:\/\/laboratoriopatrimonio.uca.es\/index.php?rest_route=\/wp\/v2\/pages\/202","targetHints":{"allow":["GET"]}}],"collection":[{"href":"https:\/\/laboratoriopatrimonio.uca.es\/index.php?rest_route=\/wp\/v2\/pages"}],"about":[{"href":"https:\/\/laboratoriopatrimonio.uca.es\/index.php?rest_route=\/wp\/v2\/types\/page"}],"author":[{"embeddable":true,"href":"https:\/\/laboratoriopatrimonio.uca.es\/index.php?rest_route=\/wp\/v2\/users\/4"}],"replies":[{"embeddable":true,"href":"https:\/\/laboratoriopatrimonio.uca.es\/index.php?rest_route=%2Fwp%2Fv2%2Fcomments&post=202"}],"version-history":[{"count":3,"href":"https:\/\/laboratoriopatrimonio.uca.es\/index.php?rest_route=\/wp\/v2\/pages\/202\/revisions"}],"predecessor-version":[{"id":300,"href":"https:\/\/laboratoriopatrimonio.uca.es\/index.php?rest_route=\/wp\/v2\/pages\/202\/revisions\/300"}],"wp:attachment":[{"href":"https:\/\/laboratoriopatrimonio.uca.es\/index.php?rest_route=%2Fwp%2Fv2%2Fmedia&parent=202"}],"curies":[{"name":"wp","href":"https:\/\/api.w.org\/{rel}","templated":true}]}}