{"id":503,"date":"2026-03-05T10:38:28","date_gmt":"2026-03-05T10:38:28","guid":{"rendered":"https:\/\/laboratoriopatrimonio.uca.es\/?page_id=503"},"modified":"2026-03-05T10:45:28","modified_gmt":"2026-03-05T10:45:28","slug":"cronica-i-congreso-along-the-frontiers","status":"publish","type":"page","link":"https:\/\/laboratoriopatrimonio.uca.es\/?page_id=503","title":{"rendered":"Cr\u00f3nica I Congreso Along The Frontiers"},"content":{"rendered":"\n<p class=\"has-text-align-center has-contrast-dark-color has-custom-color-4-background-color has-text-color has-background has-link-color wp-elements-dcb543ba2edf1e111e42c335c62f7c12\" style=\"font-size:clamp(15.747px, 0.984rem + ((1vw - 3.2px) * 0.73), 24px);\">ESTA SECCI\u00d3N EST\u00c1 ACTUALMENTE EN CONSTRUCCI\u00d3N <\/p>\n\n\n\n<figure class=\"wp-block-image aligncenter size-full\"><img loading=\"lazy\" decoding=\"async\" width=\"1024\" height=\"559\" src=\"https:\/\/laboratoriopatrimonio.uca.es\/wp-content\/uploads\/2026\/03\/image-2.png\" alt=\"\" class=\"wp-image-507\" srcset=\"https:\/\/laboratoriopatrimonio.uca.es\/wp-content\/uploads\/2026\/03\/image-2.png 1024w, https:\/\/laboratoriopatrimonio.uca.es\/wp-content\/uploads\/2026\/03\/image-2-300x164.png 300w, https:\/\/laboratoriopatrimonio.uca.es\/wp-content\/uploads\/2026\/03\/image-2-768x419.png 768w\" sizes=\"auto, (max-width: 1024px) 100vw, 1024px\" \/><\/figure>\n\n\n\n<p class=\"has-text-align-center has-contrast-dark-color has-custom-color-4-background-color has-text-color has-background has-link-color wp-elements-2f330b6308bd15544bd18ae4eeeec7ff\" style=\"font-size:clamp(15.747px, 0.984rem + ((1vw - 3.2px) * 0.73), 24px);\"> DISCULPEN LAS MOLESTIAS, PRONTO ESTAR\u00c1 DISPONIBLE<\/p>\n\n\n\n<p><\/p>\n\n\n\n<p><\/p>\n","protected":false},"excerpt":{"rendered":"<p>ESTA SECCI\u00d3N EST\u00c1 ACTUALMENTE EN CONSTRUCCI\u00d3N DISCULPEN LAS MOLESTIAS, PRONTO ESTAR\u00c1 DISPONIBLE<\/p>\n","protected":false},"author":5,"featured_media":0,"parent":0,"menu_order":0,"comment_status":"closed","ping_status":"closed","template":"","meta":{"inspiro_hide_title":false,"footnotes":""},"class_list":["post-503","page","type-page","status-publish","hentry"],"_links":{"self":[{"href":"https:\/\/laboratoriopatrimonio.uca.es\/index.php?rest_route=\/wp\/v2\/pages\/503","targetHints":{"allow":["GET"]}}],"collection":[{"href":"https:\/\/laboratoriopatrimonio.uca.es\/index.php?rest_route=\/wp\/v2\/pages"}],"about":[{"href":"https:\/\/laboratoriopatrimonio.uca.es\/index.php?rest_route=\/wp\/v2\/types\/page"}],"author":[{"embeddable":true,"href":"https:\/\/laboratoriopatrimonio.uca.es\/index.php?rest_route=\/wp\/v2\/users\/5"}],"replies":[{"embeddable":true,"href":"https:\/\/laboratoriopatrimonio.uca.es\/index.php?rest_route=%2Fwp%2Fv2%2Fcomments&post=503"}],"version-history":[{"count":3,"href":"https:\/\/laboratoriopatrimonio.uca.es\/index.php?rest_route=\/wp\/v2\/pages\/503\/revisions"}],"predecessor-version":[{"id":512,"href":"https:\/\/laboratoriopatrimonio.uca.es\/index.php?rest_route=\/wp\/v2\/pages\/503\/revisions\/512"}],"wp:attachment":[{"href":"https:\/\/laboratoriopatrimonio.uca.es\/index.php?rest_route=%2Fwp%2Fv2%2Fmedia&parent=503"}],"curies":[{"name":"wp","href":"https:\/\/api.w.org\/{rel}","templated":true}]}}